-108*t**2 - 49*t + 54. What is the units digit of q(-2)?
3
Let f(v) = -2*v**3 - v**2 - v - 1. Let o(z) = 9*z**3 - 13*z**2 - 30*z - 17. Let s(g) = -5*f(g) - o(g). What is the units digit of s(-14)?
6
Let k = -17275 - -17736. What is the units digit of k?
1
Let z be 600/30*(-2)/4. What is the units digit of (-1351)/(18/z - (-44)/55)?
1
Let z(t) = 986*t + 19. What is the units digit of z(7)?
1
Let m(a) be the first derivative of -2*a**3/3 - 3*a**2 + 904*a + 25. What is the tens digit of m(0)?
0
Suppose 2*h - 10 = 4*s, 5*s = -5*h + 7*h - 11. Suppose 0 = -h*t + 14*j - 18*j + 24, -1 = 2*t - 3*j. What is the units digit of t?
4
Suppose 2*a - 3*u - 20517 = 0, -a + 10275 = 18*u - 14*u. What is the units digit of a?
3
Let l = 18481 - 12518. What is the units digit of l?
3
Suppose 5*a + 465 - 4577 = -2*z, 0 = -a - 2*z + 824. Let u = -556 + a. Suppose -u = -4*d - i - 0*i, 2*d - 2*i = 128. What is the units digit of d?
6
Let m = 24 + 3. Suppose 5*o - m + 2 = 0. Suppose 4*k + 2*r = 54, -35 - 32 = -o*k - 3*r. What is the tens digit of k?
1
Suppose 2*o + 3110 = -5*g, -4889 = 3*o - 4*g - 247. Let w = -866 - o. What is the units digit of w?
4
Suppose 3*n + 0*c = -3*c - 18, 5*n = -3*c - 28. Let i be (-4)/(n/(-150)*-3). Suppose b = -6*u + u + 212, u - b - i = 0. What is the units digit of u?
2
Suppose 45*m - 982622 = 7*m - 208. What is the hundreds digit of m?
8
Suppose -139*v - 272*v + 11002386 = -2189892. What is the thousands digit of v?
2
Let y = 889 + 13017. What is the ten thousands digit of y?
1
Suppose 181 = 15*a + 1. Suppose -15690 = -a*j - 3*j. What is the thousands digit of j?
1
Let d(w) = -6 + 3*w + 1 - 57*w - 28*w. Suppose -2*f = -2*x + f + 2, 0 = -5*x - 3*f - 16. What is the tens digit of d(x)?
5
Let s be 52/7 + (-3)/7. Suppose s*i + 35 = 91. Let m = i + 15. What is the tens digit of m?
2
Let y = -325 + 483. Suppose -3*j - 20 = a - y, -4*j - a = -183. What is the units digit of j?
5
What is the thousands digit of (-197872)/(-249)*141/2?
6
Let k = 72125 + -48460. What is the units digit of k?
5
Let t(f) = 116 - 344 + f + 24*f. What is the hundreds digit of t(22)?
3
Let b = -4437 - -2563. Let l = b + 3193. What is the thousands digit of l?
1
Let t = 47 + -84. Let j = t - -36. What is the units digit of j/(-2) - (5 - 804/8)?
6
Suppose -1168 = -8*z + 7*z - 4*t, -2350 = -2*z - t. Suppose -g + 1204 = -f, 2*g + 3*f - z - 1252 = 0. What is the thousands digit of g?
1
Let k = -13061 + 19754. What is the hundreds digit of k?
6
Suppose -1944111 + 2093481 = -109*l + 4882477. What is the thousands digit of l?
3
Let n(k) be the second derivative of -k**3/6 - 13*k**2/2 - 22*k. Let r be n(-12). What is the units digit of ((-9)/(-12))/(r - (-10)/8)?
3
Let z(p) = 144*p**3 - 96*p**2 + 520*p + 3. What is the ten thousands digit of z(6)?
3
Suppose 11 = 8*f - 4*f + 3*c, 24 = 3*f - 3*c. Suppose 4*o - b - 6 = 0, b - 5 + 2 = -f*o. What is the tens digit of 10/(9 - 4) + (114 - o)?
1
Let w = 44711 + -25214. What is the ten thousands digit of w?
1
Suppose -4*k - g = -104625, 58*k - 54*k = 2*g + 104622. What is the ten thousands digit of k?
2
Suppose -739529 = -79*c - 41*c - 172169. What is the thousands digit of c?
4
Let g = 31 - 28. Suppose -r - g*u = -0*u - 431, -4*r + u = -1776. What is the units digit of r?
3
Let s be -9*(-6)/189 + (-4)/14. Suppose 8*w + 1 - 473 = s. What is the units digit of w?
9
Suppose 0 = -2*m + 4*k - 76, 5*m - 4*k + 140 = m. What is the units digit of ((-49)/(-5))/(m/(-800))?
5
Let y(d) = -7*d**3 - 27*d**2 - 14*d - 44. What is the units digit of y(-10)?
6
Let s(c) = c**2. Let i(q) = -q**2 + 4. Let m be i(2). Let k be s(m). Suppose k = -p + 2*g + 57, g - 10 = 3*g. What is the units digit of p?
7
Suppose -407*u + 2*d = -412*u + 78308, 46983 = 3*u + 3*d. What is the tens digit of u?
6
Suppose 4*g - 3*g - 22 = -4*m, -2*g + 2*m = 6. What is the hundreds digit of ((-33)/(-165))/(g*1/4390)?
4
Let i = 330 + 1762. Suppose 13*o - 11*o = i. What is the hundreds digit of o?
0
Let m be 54/21 + (-8)/14. Suppose -2*z + 5*z = 2*c - 309, 310 = m*c - 2*z. Suppose 0 = -2*g + c + 298. What is the tens digit of g?
2
Let d(t) = -t**2 + 83*t + 677. What is the units digit of d(58)?
7
Let t = 386 + -394. Let y(w) = -114*w - 137. What is the units digit of y(t)?
5
Suppose -2*i = 3*i + z - 9, -3*z - 3 = 0. Suppose f = 4*k - 1047, -6*k = -k + i*f - 1299. What is the hundreds digit of k?
2
Suppose 18*d - 115617 = 57525. What is the thousands digit of d?
9
Let c = 8691 + -4889. What is the thousands digit of c?
3
Suppose k + 5*r = 26, 0 = -2*k + 4*k - 4*r - 66. Suppose 5*w - 2 = 4*w, 4*w + 65 = u. Let c = k + u. What is the units digit of c?
4
Let k be ((-12)/9)/(-2) + (-17192)/12. Let r = 2269 + k. What is the tens digit of r?
3
Let j(m) = -m**2 + 5*m + 4. Let b be j(6). Let t be (1 - (b + 3))/1. Suppose -2*a - x + 42 = 0, t*a - 5*x + 90 = 4*a. What is the tens digit of a?
2
Suppose 8*b - 7*b = -c + 37963, 5*c - 113873 = -3*b. What is the units digit of b?
1
Let i(m) = 3*m + 1518. What is the hundreds digit of i(8)?
5
Let b(n) = -n**2 - 15*n. Let f be b(-3). Let u(g) = 2*g**2 - 43*g + 120. What is the thousands digit of u(f)?
1
Suppose 5*u - 146 = 3*l, 2*u = -2*l - 6 + 58. Suppose -u*k - 7760 = -22012. What is the tens digit of k?
0
Suppose -5*q + 6*q + 3*q = 0. Suppose q = -d - 47 + 200. What is the hundreds digit of d?
1
Let x = 123 + -175. Let a = -47 - x. Suppose 2*j = 2*v - 260, 0 = -a*v + 2*j - 166 + 819. What is the hundreds digit of v?
1
What is the units digit of (-17 + -1)/(27 + -25) + 8342?
3
Suppose 41*c + 43*c = 15*c + 2741025. What is the units digit of c?
5
Suppose -f = 5*a - 20294 - 9320, -3*a + 17784 = -2*f. What is the tens digit of a?
2
Suppose 6*r - 12 = 2*r. Let a be 0 - (-3)/2*8/r. Suppose 619 = a*q + 3*f, -q + 232 = 5*f + 56. What is the tens digit of q?
5
Suppose 7*f - 21 = -7. Let k be (-1)/((1/f)/(-1)). What is the units digit of 102/(1 + 1)*k/3?
4
Let g(l) = -l**3 - 8*l**2 - 16*l - 1. Let t be g(-6). Suppose t*p = 29*p - 1254. What is the units digit of p?
9
Let r = -919 + 943. Suppose j + 4*x = 143, 5*j = -22*x + r*x + 715. What is the hundreds digit of j?
1
What is the units digit of (-9 + 5)/(-8)*3506?
3
Let y(b) = 3*b**2 - 4*b - 11. Let q be y(-16). Suppose -8*h + 2131 + q = 0. What is the hundreds digit of h?
3
Suppose i - 57 + 9 = 0. Suppose i = -13*o + 204. What is the tens digit of (o*1)/(4/14)?
4
Suppose -137 + 7 = 2*h. Let c be -6*(-124)/(-12)*6/4. Let i = h - c. What is the units digit of i?
8
Suppose 15*n - 9 + 39 = 0. Let x be (-1 - n)/(4/20). What is the hundreds digit of (-4823)/(-26) + (x/2 - 1)?
1
Suppose 2*q - 8*r + 9*r - 148669 = 0, -5*r = -5*q + 371665. What is the tens digit of 3/(-2) + q/156?
7
Suppose -33015 - 24012 = -i - f, 0 = 4*i + f - 228090. What is the thousands digit of i?
7
Suppose 5*j - 5*g - 1280 = 0, -18 = 3*g - 12. Let x = j + 361. What is the units digit of x?
5
Let g(r) = -367*r + 4177. What is the ten thousands digit of g(-99)?
4
What is the units digit of ((-200)/(-1200))/(1/74652)?
2
Let f(c) = 12*c - 94. Let w be f(8). Suppose -w*z + 5*z - 363 = 0. What is the hundreds digit of z?
1
Let c(h) be the third derivative of -7*h**4/4 - 37*h**3/2 - 28*h**2. What is the units digit of c(-18)?
5
Suppose 22*i - 274841 = -7*i + 36271. What is the units digit of i?
8
Suppose -n = -5*m - 22, n + 0*m + 3*m + 10 = 0. What is the units digit of 4 - (3 - n) - 742/(-7)?
9
Let q(n) be the first derivative of n**3/3 - 7*n**2/2 - 20*n - 31. Suppose 0 = p + 2*h - 7*h - 23, 2*h - 48 = -4*p. What is the units digit of q(p)?
8
Let l = -13 + 12. Let k = 3 + l. Let s(y) = -y**3 + 4*y**2 - y - 4. What is the units digit of s(k)?
2
Suppose -18 = 3*v - 21. What is the tens digit of 1/2*314*(2 - v)?
5
Suppose -23338 = -v + 3*n, 2*v - 694 = -2*n + 45950. What is the hundreds digit of v?
3
Let g(k) = k**2 + 167*k + 2815. Let u be g(-19). Suppose 5 + 1 = 3*s. Suppose 175 + s = u*l. What is the units digit of l?
9
Let q be (-120)/(1 - -3)*-8. Suppose -3*t + q = n, 2*t + n = 3*n + 152. Suppose 0 = -6*c + t + 137. What is the tens digit of c?
3
Let v(w) = 24*w**2 - 156*w + 6811. What is the units digit of v(44)?
1
What is the units digit of (-722)/(((-14)/(-49))/(6/(-48 - -6)))?
1
What is the tens digit of (-2)/((-108798)/(-36262) + 3 - 6)*-